) = c - 1. Let k(m) = -b(m) - 6*y(m). Is k(s) a composite number?
False
Let u = -284 - 2429. Let f = -1236 - u. Is f composite?
True
Let w = 22 + -31. Let p(t) = -t**3 - 11*t**2 - 19*t - 9. Let b be p(w). Suppose -2*d - n + 4311 = b, 4*d - 3717 - 4920 = -5*n. Is d prime?
True
Suppose -j - 2*j + 75 = 0. Suppose -j = -2*v - 3*v. Suppose -v*l + 1045 = -0*l. Is l prime?
False
Let x(f) = -f**2 - f + 1. Let u be x(0). Let d(l) = 2*l**2. Let w be d(u). Suppose -w*r + 30 = -0*r. Is r a composite number?
True
Let y = 20 - 14. Let n(p) = -3*p + p + 6 + y*p. Is n(13) composite?
True
Suppose -3*p = -c - 8, -5*p - 4*c = -p - 32. Let k = 10 - p. Let d(h) = 26*h - 7. Is d(k) a composite number?
False
Let z = 15 - 1379. Let v = 2421 + z. Is v composite?
True
Suppose 5*h - 674 - 1580 = -2*j, 3*j = -5*h + 3371. Let v(d) = 4*d**3 + 5*d**2 - 3*d - 6. Let x be v(-6). Let r = x + j. Is r a prime number?
False
Suppose -2 + 6 = 2*t. Suppose 12 = g - 2*x, -t*g + 6*g + x - 3 = 0. Is (-137 + -2)/(1 - g) composite?
False
Let g(x) = x**2 + 5*x + 2. Let h be g(-5). Suppose -h*k = 236 - 822. Is k a prime number?
True
Let n = -8149 - -51540. Is n composite?
False
Suppose -21 = 8*m - 45. Suppose 3809 = m*b + 4*y + 636, 5*b - 5281 = -3*y. Is b composite?
True
Let b(z) = z**2 + 7*z - 7. Let a be b(-7). Let w(v) = v**2 + 2*v + 214. Let x(k) = -k**2 - 2*k - 215. Let u(j) = a*x(j) - 6*w(j). Is u(0) a prime number?
False
Is (-11 - 29931/(-22))*6 a composite number?
True
Let o(k) = -17*k**2 + k + 6. Let q be o(3). Let r be (0 - 0) + (1 - 80). Let u = r - q. Is u prime?
False
Let t = 19 - 17. Let z be -17 - t/(4/(-6)). Is 29922/26 + z/(-91) a composite number?
False
Suppose -5*l = -3*p - 1597, -2*l - 2*p - 202 = -828. Suppose -993 - l = -2*c. Is c a prime number?
False
Suppose 25*i = 5*i + 578020. Is i a prime number?
True
Suppose z - 5*n - 5 = 0, -66 = -3*z + 2*n - 4*n. Let v be (2 + z/(-8))*-850. Suppose -5*o + 380 = -v. Is o a prime number?
False
Let a(q) = -11*q**3 - q**2 - q - 2. Let z be ((-6)/4)/(11/22). Let p be a(z). Suppose -93 = -2*r + p. Is r prime?
True
Let z(k) = k**3 - 20*k**2 - 10*k - 7. Is z(36) composite?
False
Let x = 2912 + 9929. Is x composite?
False
Let d = 1 - -4. Suppose o = 2*r - 3*o + 210, -o = -d*r - 552. Let i = -77 - r. Is i a prime number?
False
Let t be (-4)/(-18) - (1 + (-18319)/63). Let d = -147 + t. Is d a prime number?
False
Let l = 850 - 102. Let z = 2105 - l. Is z a composite number?
True
Suppose -1256 = -2*z + 3*l - 7*l, -l = 4*z - 2491. Is z a prime number?
False
Suppose -2*f - 11*f = 0. Let p(t) = 2*t - 9. Let m be p(6). Suppose 4*i - 4*c + 0*c - 1040 = f, m*i = 4*c + 781. Is i composite?
True
Let q(j) = 4779*j**3 - 2*j**2 + 4*j - 4. Is q(1) a prime number?
False
Let r(o) = -26*o**3 - 17*o**2 - 14*o + 14. Let c(z) = -9*z**3 - 6*z**2 - 5*z + 5. Let k(w) = -17*c(w) + 6*r(w). Let j be k(1). Is (-4)/12 + (-250)/j prime?
True
Suppose 7 = 3*u - q, -3 = -4*u + 5*u + 5*q. Let p = 63 + u. Is p composite?
True
Suppose -4*s + 520 = 5*l, 3*l = -s + 4*s + 285. Let y(b) = -b**3 - 7*b**2 + b - 5. Let j be y(-6). Let v = l + j. Is v composite?
False
Let v = -75 + 110. Suppose 2*r = -3*d - 11, -d + 2*d = 5*r + 19. Let z = d + v. Is z composite?
True
Let k = -10 + 134. Suppose -2*z - k = -4*z. Is z a composite number?
True
Let m(i) = -3*i**3 + i**2 + 12*i + 17. Is m(-6) a prime number?
False
Let q be (246/(-4) + -3)*6. Is (-6)/(45/q*(-2)/(-5)) a prime number?
False
Let l = 0 - -3. Let t(r) be the second derivative of 23*r**4/6 + 3*r**2/2 + 107*r. Is t(l) prime?
False
Let k(r) = 41*r**2 + 10*r - 8. Is k(-7) composite?
False
Let k = -1604 + 2245. Let g be (3 - -1) + k + -2. Suppose 4*f - 504 = -m, m = 5*f - m - g. Is f prime?
True
Let h = 17 + 1. Let l be (h/2)/(21/14). Suppose -7*q = -l*q - 62. Is q a prime number?
False
Let c(z) = 20*z**3 - 6*z**2 - 13*z + 9. Let p(g) = -10*g**3 + 3*g**2 + 6*g - 4. Let d(s) = 6*c(s) + 13*p(s). Is d(-3) prime?
False
Let a(j) = j + 7. Let x be a(-4). Let t(i) = 34*i**2 - 27*i**2 - 12*i + 12*i + 4. Is t(x) prime?
True
Suppose 0 = -7*b - 14*b + 530187. Is b a prime number?
True
Let x(i) = -329*i + 79. Let p be x(11). Let t = p + 6149. Is t composite?
False
Let z(i) = -i**2 - 3*i + 11. Let v be z(-5). Let y(h) = 197*h**3 - h + 1. Let c be y(v). Suppose -4*t + 705 = c. Is t a composite number?
False
Suppose 112*o + 42 = 110*o. Is (2/(-7) - (-15)/o)*-307 a prime number?
True
Suppose -70 - 86 = -m. Let y = -73 + m. Suppose -j = -0*j - y. Is j a composite number?
False
Suppose c = -8 + 4. Is (c - (-5 - 4))*257 a composite number?
True
Suppose 2*q + 11 = -17. Let v = q - -33. Is v/(-4)*(4 - 8) composite?
False
Let l(p) = 10*p**2 - 3*p - 26. Let v be l(9). Suppose -x = -3*s + v, -4*s + 3*x + 946 = -70. Is s a composite number?
False
Let f(c) = 4*c**3 + 2*c**2 + 64*c + 115. Is f(25) a composite number?
True
Suppose 0*t - 4*t = 4*d - 308, t = 2*d - 154. Suppose -5*b - 476 + 206 = 0. Let h = b + d. Is h composite?
False
Suppose c + 0 = -1, 3*t - 12547 = 4*c. Is t a prime number?
False
Let q(m) = -m**2 + 8*m - 11. Let w be q(6). Is -1 + 2127 + (w - -2) prime?
True
Is (-2)/(((-9)/6)/((-38310)/(-8))) a composite number?
True
Let m = -7125 - -12506. Is m a prime number?
True
Let s = 26129 + -6192. Is s composite?
False
Let x = -651 - -1172. Let q = -226 + x. Is q a prime number?
False
Let t(k) = -937*k + 2. Let p be t(2). Let d = -169 - p. Is d composite?
True
Let c be (-4)/14 - (-231)/(-49). Let k = c + 7. Suppose 5*j - 1529 = k*d, 0 = -2*j - d + 408 + 209. Is j composite?
False
Is 1016297/8 + 11 + 2136/(-192) a composite number?
False
Let w = 1847 - -1050. Is w a composite number?
False
Let d(j) = -11 - 4*j**2 + 0*j**3 + 4 - 2*j**2 + 14*j + 2*j**3. Let a be d(6). Suppose 0*m = -3*m + 3*z + 873, m - 2*z = a. Is m composite?
True
Is 12112975/76 - 27/12 composite?
True
Let n(t) be the first derivative of 46*t**3 + 35*t**2/2 - 7*t - 4. Is n(-6) a composite number?
False
Suppose 2 = a + 3. Is 188 - -5 - (1 - a) composite?
False
Let h(v) = 151*v**3 - 2*v**2 - v - 7. Let w be 1 - 16/12 - (-40)/12. Is h(w) a composite number?
False
Let a(s) = -12*s + 67. Let f be a(5). Let b(t) = -14 + 0*t - 4*t + 8*t**2 - 3*t. Is b(f) a composite number?
True
Let f(y) = 80*y - 3. Let w be f(7). Let v = w - 377. Suppose v = 5*b - 95. Is b a composite number?
True
Let h = -15 - -8. Is h/(-14)*740/2 composite?
True
Let f be ((-2)/10 + -1)*190/3. Is (-3)/5 - f/(-40)*-2164 prime?
True
Let l(p) = 254*p**2 + 28*p - 179. Is l(8) composite?
False
Let c be (-1 - 8/(-6))*9. Suppose -1131 = -c*r + 1080. Is r prime?
False
Suppose -19*q = -4536 - 9581. Suppose -5*j - 138 = -2198. Let z = q - j. Is z a prime number?
True
Suppose -5*r + u = 92 - 348, -2*r = -3*u - 105. Let g = 72 + r. Suppose -4*l + 258 + g = 3*j, -2*j = 2*l - 254. Is j a prime number?
True
Suppose 4*f + 0*f - 28 = 3*q, 8 = -2*q. Suppose f*z = 3*l - 6*l + 103, 4*l = 3*z + 154. Suppose 0 = -v + l + 28. Is v a composite number?
True
Suppose h = -2*k + 55878, -17*k - 3*h + 27929 = -16*k. Is k composite?
False
Let y be 518/4 + (-1)/2. Suppose 3*p = -15*p + 1476. Suppose p = t - y. Is t a composite number?
False
Suppose 7*w = 12*w - 3*k - 25, -2*k - 4 = 3*w. Suppose -3*g = g - w*z - 1230, -5*z + 302 = g. Is g composite?
False
Suppose -2*r - 2*l = -10454, -r - 4*l + 5660 = 433. Is r a composite number?
False
Suppose 19*m = 6*m + 12649. Suppose 4*d - m = 1863. Is d prime?
True
Suppose 3*h + 3*s = 48615, -8*h + 9*h - s - 16209 = 0. Is h a composite number?
True
Is 4637/2*(-18)/(-9) a composite number?
False
Suppose 2*r = c + 374, 0*r = r - 5*c - 187. Let o be 21*(4 - 3)*-1. Let y = o + r. Is y a composite number?
True
Suppose 0 = 8*w - 6*w + 60. Let m = 55 - w. Is m prime?
False
Let y = -11863 + 31964. Is y prime?
True
Let x(h) = h**2 + 2*h + 59. Suppose 0 = -6*b + 3*b. Is x(b) prime?
True
Is 948*5 - 2 - (-2 - 1) a composite number?
True
Suppose 27*n = 10*n + 241043. Is n composite?
True
Is (-57494)/(-8) + (-3 - -6)/12 prime?
True
Suppose 3*f - 325 = -2*z - 101, 0 = z + 2*f - 110. Suppose -z - 86 = -4*k. Is k composite?
True
Suppose -25*d + 20428 = -77097. Is d a prime number?
False
Let z(q) be the first derivative of 142*q**2 - 17*q - 38. Is z(6) composite?
True
Let a be 11/(66/168) + (1 - 1). Is (-12)/(-28) + -1 + 270